11 - -109)).
-12
Evaluate (3 - (0 - -7)) + -1 + 0.
-5
What is the value of -5 + (12 - 25 - -38) + -13?
7
Calculate 8 + -6 + -21 - -22.
3
(101 - 91) + (-3 - (3 - 3)) + -4
3
Evaluate (8 - 6) + (1 + -3 - (16 + -2)).
-14
Evaluate (14 - 2 - (24 - 24)) + -2.
10
What is (275 - 276) + -19 + 0 + 14?
-6
-23 + 11 - -9 - (5 - 5)
-3
What is (30 - 0) + (-12 - -15 - 9)?
24
What is (-2 - -13) + (-24 - -3)?
-10
Evaluate -2 + 12 + 9 + -18.
1
What is (-14 - -5 - -8) + 4 + 4 + -24?
-17
What is the value of (1 - 13) + 26 + -40 + 24?
-2
What is the value of -1 + (3 - 4) + (-2 + 1 - 5)?
-8
What is (-31 - -24) + (39 - 12)?
20
What is the value of -33 + (44 - (27 - 2))?
-14
(-18 - (-4 - 3 - -1 - 1)) + 0
-11
What is -10 - (1 + 4 + 5 - (1 - -42))?
23
-253 - -262 - (1 + 4 + -1)
5
10 - 2 - (19 + -2)
-9
-3 + -10 + ((-9 - -1) + 3 - -10)
-8
What is the value of -19 - (0 + (0 - (8 + -1)))?
-12
Calculate (0 - -6) + -12 - (-30 + 27).
-3
4 + 7 - 9 - -3
5
Evaluate -55 + 12 - (30 - 74).
1
What is the value of -4 + -3 + (10 - (19 - 10)) - -5?
-1
Evaluate -6 - (-11 - (21 + -21 - (6 + 2))).
-3
Calculate 37 + 2 + -11 + -6 + 12 + -3.
31
-1 - 3 - (2 + -16)
10
What is -35 + 20 + 33 - -1?
19
What is the value of -14 + 5 - (-5 - (-1 + -6))?
-11
Evaluate 18 + -6 + -5 + -16 - -19.
10
What is -19 + (-8 - (9 + (2 - (5 - -5))))?
-28
What is 4 - ((-12 - 5) + 20)?
1
(2 - 14) + (0 - 19) + 2
-29
5 + 16 - 29 - (30 + 2)
-40
Calculate (4 - (3 - (17 - 11))) + 2 + -16.
-7
What is 19 - -10 - 39 - (4 - 42 - 3)?
31
What is -56 + (16 - -3) + 24?
-13
What is the value of -9 + (-8 - (3 + -2 + -27))?
9
Calculate 5 - (7 + -1 + (22 - 24)).
1
-1 - -3 - (1 + -24) - (2340 + -2336)
21
(-135 - -143) + (-2 - -16) - (-3 + 6)
19
What is the value of -24 + 21 - -29 - (-5 - (-8 - 6))?
17
What is (-3 - -1) + 3 + (-80 - -84)?
5
Calculate 32 + (-1 - 0) + 12 + -1359 + 1338.
22
Calculate -707 + 712 + -6 + 1 + (-2 - -3).
1
What is the value of (16 - -6) + 2 - -8?
32
15 + -14 - -4 - -2 - 5
2
(12 - (9 + -2 + -1)) + -22 + -4
-20
What is -2 + -2 + 3 + -7 + -5 + 7?
-6
Calculate (15 - (-6 - -14)) + 10.
17
Evaluate -8 + (-7 - ((16 - 9) + 0 + -14)).
-8
What is -7 - (-1 + (-6 - (3 + -2)) - 0)?
1
What is (2 - 1) + 1 + 0 + 410 + -407?
5
What is the value of (5 + -4 - 10) + (4 - (4 + -2))?
-7
Evaluate 16 + 5 + 1 + (64 - 84).
2
2 + -8 - (20 + -26 + -4)
4
0 - (-66 + 24 - -19)
23
What is the value of -19 + 29 - (2 + -4 + 11)?
1
-5 + -132 + 155 + -2 + -1 + 0
15
-9 - (-7 + 0 + 5)
-7
What is -3 - (2 + 1 + 2 + -6) - 7?
-9
What is (1 - 2 - (-1 + 4)) + 1 - 6?
-9
What is 5 + (-1 - 5) - (-8 - (1 - 1))?
7
What is ((-3 - -4) + 13 - (-13 + 20)) + -1?
6
Calculate -5 + (-18 - (5 - 7)).
-21
81 + -75 + (-9 - 3)
-6
Calculate -61 + 68 - (8 - (0 + 1)).
0
What is the value of -1 + -1 + (2 - (-5 - (2 + -16)))?
-9
3 + 1 + -19 + 7 + 15 - 14
-7
Evaluate (7 - (1 - -10)) + -5.
-9
-1 - 1 - ((-2 - -8) + -21)
13
What is (0 - (1 - 10)) + (-818 - -826) + -9?
8
(42 - 140) + 67 - (1 - 0)
-32
Calculate 27 + 2 - ((5 - (2 + 9)) + 12).
23
What is the value of -1 + 3 + -11 - (-37 + 26)?
2
What is 3 + (-35 - -1) + 4 + 9?
-18
Calculate (6 - 33) + -169 + 197.
1
(-62 + 33 - -20) + (12 - 0) - -5
8
What is the value of 16 + (15 - 7) - 9?
15
What is the value of (-5 - (-7 + -5 + 15)) + 11 - -12?
15
Evaluate 7 + -15 + -7 + 14.
-1
Evaluate -7 - 2 - (-22 + -5 + 21).
-3
0 - (24 + -13 - (-5 + 20))
4
What is -5 + -19 + 2 + 6?
-16
(3 - 17) + 15 - 13
-12
What is the value of 7 - (9 + (-6 - -7 - 4))?
1
What is the value of -144 + 168 + (-6 - 0) + 2?
20
Evaluate (7 + -12 - (2 + -1 - -3)) + 20.
11
Calculate 5 + (2 + 3 + -13 - (-46 - -32)).
11
(10 - (-13 - -46)) + 9
-14
Calculate -1 + 9 + (327 - 330).
5
Calculate (-5 + -7 - -17) + (-12 - 21).
-28
34 - (-29 - -52 - -17)
-6
Calculate -15 + (1 + (4 - 1) - (164 - 154)).
-21
What is 4 - (4 - (3 + -13 + 12))?
2
What is -88 - -91 - (0 + -6) - 7 - 6?
-4
0 + -10 + (-6 - (5 + -31)) + -20
-10
-5 + (6 - -6) + -8 - (14 + -8)
-7
Calculate 18 - 9 - 3 - 0 - -9.
15
What is 5 + 8 + -14 + 4 + -5 - -20?
18
What is the value of 15 + -7 - -2 - -2?
12
What is -7 + 25 - (5 + 9) - -20?
24
Evaluate (15 - 0) + -3 + 25 + -17.
20
12 + (-10 + -25 - -7)
-16
What is 53 - (69 + -41) - 39?
-14
(-4 - (0 + 4)) + 16 + -25
-17
What is -4 - (-2 + -4 + (7 - 3 - -6))?
-8
10 - 12 - (-9 + (0 - 1))
8
43 + -101 + 53 - (1 + 1 + -2)
-5
Calculate 28 - (29 + (-20 - -16)).
3
What is 0 + 2 + 4 + -4 + (-14 - -2)?
-10
-16 + 2 - ((-35 - -21) + 24)
-24
0 + 11 - (-12 + 39 - 10)
-6
What is (15 - 7) + -7 + (-17 + 9 - -9)?
2
What is the value of 4 + 26 + -11 + 2?
21
Evaluate -4 + -2 + 0 + (50 - (58 - -8)).
-22
8 + -1 + -5 + 6 + 11 + -5
14
What is 0 + -7 - (2 - 4 - 3 - -12)?
-14
5 + -15 + 13 + (4 - 2)
5
What is -3 - (14 - (-4 + 18))?
-3
What is the value of 1 + (1 - -1) + (34 - 44) + 13?
6
Evaluate (2 - 14 - -11 - -13) + -15.
-3
Calculate -6 + -1 + (-24 - (-21 + 11)).
-21
What is the value of 5 - (1 - -2) - 0 - (-1 - -21)?
-18
Calculate 5 + 0 + (3 - 8) - -2.
2
Evaluate 11 + (-10 - 8) + (0 - -4).
-3
What is -14 - (-5 + (0 - -4) - 4)?
-9
Evaluate 2 - (-9 + 10 + -7).
8
Evaluate (1 - (2 + 7 - 2)) + 10 - 1.
3
Evaluate 17 - (-8 - -28 - -7).
-10
Evaluate -51 - (-14 - 31) - 13.
-19
20 + 8 + -8 - (-3 + 12) - 16
-5
-11 + 2 - (4 - 5) - (-107 + 86)
13
Calculate (-56 - -14) + 7 + 1.
-34
4 + 15 + (40 - 42)
17
What is the value of (-7 - -6) + (-17 - -16 - -12)?
10
What is the value of (-9 - -1 - (-16 - 3 - -14)) + -4?
-7
Evaluate (0 - -5) + -3 + 4 + (11 - 4).
13
Calculate (-32 + -2 - -37) + (-1 - (17 - -2)).
-17
Evaluate -2 - (-9 + 3) - 1 - (-139 - -142).
0
What is -27 + 43 + (-14 - 4)?
-2
What is (-22 + 0 - -15) + 9?
2
Evaluate (-4 - (18 - 21)) + (6 - 0).
5
What is (2 - -6) + (109 - 109)?
8
Evaluate (15 - 12) + -5 - 3.
-5
Calculate -437 + 443 - (1 - -4).
1
What is the value of -13 + (71 - 21) + -18?
19
What is -6 - ((2 + 0 - 4 - 25) + 6)?
15
Calculate (6 - 3 - 0) + (102 - 113).
-8
-3 + (-18 + 5 - -23) + -8
-1
Evaluate 23 - (9 - -16) - -24.
22
Calculate (-7 - -2) + 2 - (-18 + 18).
-3
Calculate (27 - 9 - 47) + 15.
-14
What is (40 - 45) + (0 - -20) + (2 - 6)?
11
What is the value of (-18 - 1) + 11 + 3 + 12 + 1?
8
What is the value of 1 - (-3 + -13 - -19)?
-2
Calculate -10 + 7 + (-9 - 1 - 13).
-26
What is the value of -14 - (216 + -199 + (1 - 15))?
-17
Calculate 5 - (-5 + 6) - (4 + 1).
-1
14 + (-2 - (5 - (-6 + 4)))
5
What is the value of (10 - -6 - (13 - 8)) + 1?
12
Calculate (-59 - 7) + 37 + (14 - 1).
-16
What is the value of 17 + -32 + (6 - 6)?
-15
What is 5 + 1 + -12 + 20 + -9?
5
Evaluate 1 + -4 + (-5 - -2).
-6
What is the value of 3 - (-2 - -1) - (6 + -2) - 1?
-1
59 - (-15 + 59) - (15 + 0)
0
What is the value of (-1 - -10) + (-576 - -562)?
-5
354 + -333 - (24 - 2)
-1
Calculate (0 - (-3 - 3)) + -9.
-3
What is -496 + 504 + -14 + (-1 - -1)?
-6
Evaluate -16 + ((-1 - 1) + 86 + -97 - -6).
-23
What is the value of -9 + (-3 - 8) - 0 - (1 + -1)?
-20
What is (-255 - -273) + -3 + 2 + -6?
11
Calculate -12 + 11 - (14 - (5 - (2 + 2))).
-14
22 - (8 - (-7 + 21) - (-6 + 0))
22
-15 + 24 + -38 + 1 + 27
-1
What is the value of 8 - (-8 - (-2 + -7 + 2))?
9
What is the value of -244 - -240 - (-1 - 9) - 15?
-9
Evaluate (1 - 2) + -11 + (-27 + 14 - -5).
-20
-1 + 1 - (9 + -14 - 19 - 3)
27
Evaluate -6 - (-42 + 21 + -15).
30
-10 + (-4 - (2 - (-5 - -16)))
-5
Evaluate 37 + -19 + -27 - (0 + -3 - 25).
19
What is (2 - 8) + 10 + -8 + (2 - 5)?
-7
Calculate -4 + 9 - (-9 - -9) - 4 - 12.
-11
Evaluate -310 + 295 - (-2 + 0 + 2).
-15
Calculate 4 + 13 + 7 + -11.
13
What is the value of (9 - (19 - 55)) + 5 - 10?
40
What is the value of -5 - -18 - (-5 + -1 + 11)?
8
Calculate (-3 - 0) + (26 + 14 - 8).
29
(0 - -4) + (10 - (-1 + -13 + 8))
20
Calculate 2 + 7 + (35 - 37) + -1 + -10.
-4
What is the value of 12 + -40 - 0 - -27?
-1
What is the value of (-20 - -1) + (-126 - -133)?
-12
Calculate 1 + (7 - (5 - -30)).
-27
Calculate -12 - -12 - (10 + (2 - 19)).
7
What is the value of -3 - (0 + -4) - (9 + -11)?
3
Evaluate -10 + (7 - -15) + -22.
-10
What is the value of -18 + -51 + 58 + 1 + -2?
-12
What is -6 + (-7 - (2 - 19))?
4
What is the value of -4 + -2 - (-9 - (-2 - -2) - -5)?
-2
(-22 - -6) + 17 + (4 - -1) - -7
13
What is the value of -7 + (2 - -1) + 6 + (-17 - -11)?
-4
What is the value of 10 + -1 + (37 - 32) - -2?
16
Calculate 0 + (-1 - ((6 - 2) + -18 + 9)).
4
Evalu